{"id":161,"date":"2020-06-17T15:47:53","date_gmt":"2020-06-17T15:47:53","guid":{"rendered":"https:\/\/landholzproductions.com\/?page_id=161"},"modified":"2026-03-05T11:14:42","modified_gmt":"2026-03-05T11:14:42","slug":"links","status":"publish","type":"page","link":"https:\/\/landholzproductions.com\/index.php\/links\/","title":{"rendered":"Netzwerk"},"content":{"rendered":"<p>[et_pb_section fb_built=&#8220;1&#8243; _builder_version=&#8220;4.16&#8243; background_enable_image=&#8220;off&#8220; global_colors_info=&#8220;{}&#8220;][et_pb_row column_structure=&#8220;1_3,1_3,1_3&#8243; _builder_version=&#8220;4.21.0&#8243; _module_preset=&#8220;default&#8220; global_colors_info=&#8220;{}&#8220;][et_pb_column type=&#8220;1_3&#8243; _builder_version=&#8220;4.21.0&#8243; _module_preset=&#8220;default&#8220; global_colors_info=&#8220;{}&#8220;][et_pb_text admin_label=&#8220;G\u00f6nners&#8220; _builder_version=&#8220;4.21.0&#8243; _module_preset=&#8220;default&#8220; global_colors_info=&#8220;{}&#8220;]<\/p>\n<h4><b>G\u00f6nner*innen<\/b><\/h4>\n<p><a href=\"https:\/\/data.landholzproductions.com\/index.php\/apps\/forms\/s\/Zp48a7o9F8eN8ttjEadPc3Xq\">Hier<\/a> k\u00f6nnen Sie G\u00f6nner*in werden<\/p>\n<p>&nbsp;<\/p>\n<p>[\/et_pb_text][\/et_pb_column][et_pb_column type=&#8220;1_3&#8243; _builder_version=&#8220;4.21.0&#8243; _module_preset=&#8220;default&#8220; global_colors_info=&#8220;{}&#8220;][et_pb_text admin_label=&#8220;kollabs&#8220; _builder_version=&#8220;4.21.0&#8243; _module_preset=&#8220;default&#8220; global_colors_info=&#8220;{}&#8220;]<\/p>\n<h4><b>Kollaborateur*innen<\/b><\/h4>\n<ul>\n<li><a href=\"https:\/\/www.anninapolivka.com\/\" target=\"_blank\" rel=\"noopener\">Annina Polivka<\/a><\/li>\n<li><a href=\"https:\/\/www.ogre.ch\/andreas-zangger\/\">Andreas Zangger<\/a><\/li>\n<li><a href=\"https:\/\/annarenner.online\/\" target=\"_blank\" rel=\"noopener\">Anna Renner<\/a><\/li>\n<li><a class=\"\" href=\"http:\/\/www.atelierweb.site\/\">atelierweb<\/a><\/li>\n<li><a href=\"https:\/\/camillaparini.com\/\" target=\"_blank\" rel=\"noopener\">Camilla Parini<\/a><\/li>\n<li>\n<div><a href=\"https:\/\/doingfashion.ch\/c\/charlotte-christen\">Charlotte Christen<\/a><\/div>\n<\/li>\n<li><a href=\"https:\/\/cargocollective.com\/chrisdekrijger\">Chris de Krijger<\/a><\/li>\n<li><a href=\"https:\/\/dastheaterkolleg.ch\/produktionen\/grounding\" target=\"_blank\" rel=\"noopener\">cie softsoil<\/a><\/li>\n<li><a href=\"https:\/\/donyaspeaks.com\/\" target=\"_blank\" rel=\"noopener\">Donya Speaks<\/a><\/li>\n<li><a href=\"https:\/\/www.instagram.com\/haramaeder\/\">EddiE haRA<\/a><\/li>\n<li><a href=\"https:\/\/eevikinnunen.squarespace.com\/\" target=\"_blank\" rel=\"noopener\">Eevi Kinnunen<\/a><\/li>\n<li>\n<div><a href=\"https:\/\/www.instagram.com\/evalunathomann\/\">Eva Luna Thomann<\/a><\/div>\n<\/li>\n<li><a href=\"https:\/\/www.instagram.com\/femtak\/\">femtak<\/a><\/li>\n<li><a href=\"https:\/\/vagabu.ch\/de\/\" target=\"_blank\" rel=\"noopener\">Figurentheater Vagabu<\/a><\/li>\n<li><a href=\"https:\/\/www.instagram.com\/francescavincentie\/\">Francesca Vincentie<\/a><\/li>\n<li><a class=\"\" href=\"http:\/\/www.gadu-gadu-project.eu\/\">gadu-gadu-project<\/a><\/li>\n<li><a href=\"https:\/\/instagram.com\/gilschneider\/?hl=en\" target=\"_blank\" rel=\"noopener\">Gil Schneider<\/a><\/li>\n<li><a href=\"https:\/\/johannaheusser.ch\/\">Johanna Heusser<\/a><\/li>\n<li><a href=\"https:\/\/julia-rueegger.ch\/\" target=\"_blank\" rel=\"noopener\">Julia R\u00fcegger<\/a><\/li>\n<li><a href=\"https:\/\/kathrinwalde.ch\/\" target=\"_blank\" rel=\"noopener\">Kathrin Walde<\/a><\/li>\n<li><a class=\"\" href=\"http:\/\/www.kurortkuratorium.eu\/\">Kurort Kuratorium<\/a><\/li>\n<li>\n<div><a href=\"https:\/\/komaundko.de\/en\/linda-pilar-brodhag-en\/\">Linda Pilar Brodhag<\/a><\/div>\n<\/li>\n<li><a href=\"https:\/\/www.liviakern.ch\">Livia Kern<\/a><\/li>\n<li>\n<div><a href=\"https:\/\/www.instagram.com\/theatrextreme\/?hl=en\">Luana Volet \/ Th\u00e9\u00e2tre de l\u2019extr\u00eame<\/a><\/div>\n<\/li>\n<li><a href=\"https:\/\/www.lukasstaeuble.com\/\" target=\"_blank\" rel=\"noopener\">Lukas St\u00e4uble<\/a><\/li>\n<li>\n<div><a href=\"https:\/\/www.marquismcgee.com\/bio\">Marquis\u2019 McGee<\/a><\/div>\n<\/li>\n<li><a href=\"https:\/\/instagram.com\/bullshit_on_rainbows\/?hl=en\" target=\"_blank\" rel=\"noopener\">Max Windisch Spoerk<\/a><\/li>\n<li>\n<div><a href=\"https:\/\/www.mayrabosshard.ch\/\">Mayra Bosshard<\/a><\/div>\n<\/li>\n<li><a href=\"https:\/\/www.moritzschermbach.ch\/\" target=\"_blank\" rel=\"noopener\">Moritz Schermbach<\/a><\/li>\n<li><a href=\"http:\/\/www.netzwerkwildiblaatere.com\">Netzwerk Wildiblaatere.<\/a><\/li>\n<li>\n<div><a href=\"https:\/\/www.instagram.com\/filet_strongenough\/\">Nora Wyss<\/a><\/div>\n<\/li>\n<li><a href=\"http:\/\/www.oisland.co\" target=\"_blank\" rel=\"noopener\">oisland.co<\/a><\/li>\n<li><a href=\"https:\/\/paulbehren.com\/\" target=\"_blank\" rel=\"noopener\">Paul Behren<\/a><\/li>\n<li><a href=\"https:\/\/jungestheaterbasel.ch\/profile\/22027-2\/\" target=\"_blank\" rel=\"noopener\">Pina Schl\u00e4pfer<\/a><\/li>\n<li><a class=\"\" href=\"http:\/\/www.physicaltheatrenetzwerk.de\/\">physicaltheatrenetzwerk<\/a><\/li>\n<li><a href=\"https:\/\/www.raphaelaandradecordova.com\/\" target=\"_blank\" rel=\"noopener\">Raphaela Andrade Cordova<\/a><\/li>\n<li><a href=\"https:\/\/renfilms.ch\/\" target=\"_blank\" rel=\"noopener\">Robin Nidecker<\/a><\/li>\n<li><a class=\"\" href=\"http:\/\/www.rotterdampresenta.de\/\">rotterdampresenta<\/a><\/li>\n<li><a class=\"\" href=\"http:\/\/www.saechsischeschweizkollektiv.com\/\">saechsischeschweizkollektiv<\/a><\/li>\n<li><a href=\"https:\/\/www.selinabeghetto.com\">Selina Beghetto<\/a><\/li>\n<li><a href=\"https:\/\/www.instagram.com\/kolektif.katalis\/\">Sekar &amp; Linda Kolektiv Katalis<\/a><\/li>\n<li><a href=\"https:\/\/silvanrechsteiner.ch\">Silvan Rechsteiner<\/a><\/li>\n<li>\n<div><a href=\"https:\/\/www.instagram.com\/sophievonausdemfenster\/\">Sophie Plattner<\/a><\/div>\n<\/li>\n<li><a href=\"https:\/\/www.svenpeetoom.com\/\">Sven Peetoom<\/a><\/li>\n<li><a href=\"https:\/\/therewillbefilm.com\/\">There Will Be Film<\/a><\/li>\n<\/ul>\n<p>&nbsp;<\/p>\n<p>[\/et_pb_text][\/et_pb_column][et_pb_column type=&#8220;1_3&#8243; _builder_version=&#8220;4.21.0&#8243; _module_preset=&#8220;default&#8220; global_colors_info=&#8220;{}&#8220;][et_pb_text admin_label=&#8220;partners&#8220; _builder_version=&#8220;4.21.0&#8243; _module_preset=&#8220;default&#8220; hover_enabled=&#8220;0&#8243; global_colors_info=&#8220;{}&#8220; sticky_enabled=&#8220;0&#8243;]<\/p>\n<h4><b>Partner*innen<\/b><\/h4>\n<ul>\n<li><a href=\"https:\/\/theater-roxy.ch\">Theater Roxy Birsfelden<\/a><\/li>\n<li><a href=\"https:\/\/neuestheater.ch\/programm\">Neues Theater Dornach<\/a><\/li>\n<li><a href=\"https:\/\/www.sudpol.ch\">S\u00fcdpol Luzern<\/a><\/li>\n<li><a href=\"https:\/\/www.schlachthaus.ch\">Schlachthaus Theater Bern<\/a><\/li>\n<li><a href=\"https:\/\/www.schlachthaus.ch\">Tojo Theater Bern<\/a><\/li>\n<li><a href=\"https:\/\/www.lichthof-theater.de\/we-present\/\">WePresent Hamburg<\/a><\/li>\n<li><a href=\"https:\/\/www.treibstoffbasel.ch\">Treibstoff Theatertage Basel<\/a><\/li>\n<li><a href=\"https:\/\/www.premioschweiz.ch\">PREMIO<\/a><\/li>\n<li><a href=\"https:\/\/www.pole-sud.fr\/projects\/labor-a-trois-2025\/?pr=52153\">Labor \u00e0 Trois<\/a><\/li>\n<li><a href=\"https:\/\/theater-am-gleis.ch\">Theater am Gleis Winterthur<\/a><\/li>\n<\/ul>\n<p>&nbsp;<\/p>\n<p>[\/et_pb_text][\/et_pb_column][\/et_pb_row][\/et_pb_section]<\/p>\n","protected":false},"excerpt":{"rendered":"<p>G\u00f6nner*innen Hier k\u00f6nnen Sie G\u00f6nner*in werden &nbsp;Kollaborateur*innen Annina Polivka Andreas Zangger Anna Renner atelierweb Camilla Parini Charlotte Christen Chris de Krijger cie softsoil Donya Speaks EddiE haRA Eevi Kinnunen Eva Luna Thomann femtak Figurentheater Vagabu Francesca Vincentie gadu-gadu-project Gil Schneider Johanna Heusser Julia R\u00fcegger Kathrin Walde Kurort Kuratorium Linda Pilar Brodhag Livia Kern Luana Volet [&hellip;]<\/p>\n","protected":false},"author":1,"featured_media":0,"parent":0,"menu_order":0,"comment_status":"closed","ping_status":"closed","template":"","meta":{"_et_pb_use_builder":"on","_et_pb_old_content":"<p><a href=\"https:\/\/www.johannasofia.com\/\" target=\"_blank\" rel=\"noopener noreferrer\">www.johannsofia.com<\/a><\/p>","_et_gb_content_width":"","footnotes":""},"class_list":["post-161","page","type-page","status-publish","hentry"],"_links":{"self":[{"href":"https:\/\/landholzproductions.com\/index.php\/wp-json\/wp\/v2\/pages\/161"}],"collection":[{"href":"https:\/\/landholzproductions.com\/index.php\/wp-json\/wp\/v2\/pages"}],"about":[{"href":"https:\/\/landholzproductions.com\/index.php\/wp-json\/wp\/v2\/types\/page"}],"author":[{"embeddable":true,"href":"https:\/\/landholzproductions.com\/index.php\/wp-json\/wp\/v2\/users\/1"}],"replies":[{"embeddable":true,"href":"https:\/\/landholzproductions.com\/index.php\/wp-json\/wp\/v2\/comments?post=161"}],"version-history":[{"count":38,"href":"https:\/\/landholzproductions.com\/index.php\/wp-json\/wp\/v2\/pages\/161\/revisions"}],"predecessor-version":[{"id":2254,"href":"https:\/\/landholzproductions.com\/index.php\/wp-json\/wp\/v2\/pages\/161\/revisions\/2254"}],"wp:attachment":[{"href":"https:\/\/landholzproductions.com\/index.php\/wp-json\/wp\/v2\/media?parent=161"}],"curies":[{"name":"wp","href":"https:\/\/api.w.org\/{rel}","templated":true}]}}